vided by l?
11
Suppose -5*g + 4*t + 309 = 0, -g - 3*t - t + 81 = 0. Calculate the remainder when g is divided by 22.
21
Suppose 0 = -3*v + 6*v - 24. Let g(z) = 2 - 9 + 5*z - 2*z. What is the remainder when g(7) is divided by v?
6
Let d(x) = 2*x**2 - 14*x + 10. What is the remainder when d(9) is divided by 8?
6
Suppose 43*m = 39*m + 92. Calculate the remainder when m is divided by 14.
9
Let n(k) = 26*k. Calculate the remainder when 75 is divided by n(1).
23
Let j(z) = 3*z**2 - 1. Let d be j(2). Suppose -d + 2 = -3*s. Calculate the remainder when s + -4 - (-66)/2 is divided by 17.
15
Let d be 60/2*(-8 - -9). Suppose d = 2*v + 10. Calculate the remainder when 28 is divided by v.
8
Let f(k) = k**2 + 3*k + 14. Calculate the remainder when f(-9) is divided by 19.
11
Suppose 5*d - 118 = 3*d. Suppose -60 = -15*z + 12*z. What is the remainder when d is divided by z?
19
Let u(o) = o + 3. Calculate the remainder when u(12) is divided by 9.
6
Let r(x) = -x**2 + 10*x - 4. Let u(f) = -f**3 + 6*f**2 + 9*f - 9. What is the remainder when r(8) is divided by u(7)?
2
Let j(u) = 8*u**3 + 1. Let m(h) = 5*h. Calculate the remainder when j(1) is divided by m(1).
4
Let i = -8 - -15. Suppose j - 7 = 5*c, 3 = -4*c - 1. Suppose 2 + 4 = j*x. Calculate the remainder when i is divided by x.
1
Let f(i) = 9*i**2 + 2. Let c = -8 + 10. Calculate the remainder when f(c) is divided by 10.
8
Suppose 4*n - 3*n = 0. Calculate the remainder when 6 is divided by n + -4 + 8 + -2.
0
Let x = 90 - 51. Calculate the remainder when 75 is divided by x.
36
Let f(a) = -a**2 - 4*a + 5. Calculate the remainder when (-12)/30*-40 - 4 is divided by f(-4).
2
Let k(z) = -z**2 - 8*z + 4. What is the remainder when 18 is divided by k(-7)?
7
Suppose -5*r = 2*o - 15 - 1, 0 = -r + 4*o - 10. Suppose 31 = r*k + 9. Calculate the remainder when k is divided by 2.
1
Let k(a) = -a + 4. Let x be k(0). Suppose 2*v + 6 = 2*h + v, -x*v - 16 = 0. Let w(t) = -t + 7. What is the remainder when w(5) is divided by h?
0
Let n(b) = 3*b**2 - b**2 + 3*b**2. Let m be n(-1). Suppose m*w - 34 = 3*h, 3*w = 2*h - 6*h + 3. Calculate the remainder when w is divided by 3.
2
Let i = 77 - 33. Let x(g) = 5*g**2 - 3*g - 3. Calculate the remainder when i is divided by x(-2).
21
Let c be (-1372)/20 - 6/(-10). Calculate the remainder when (7/(14/c))/(-1) is divided by 9.
7
Let b(v) = 4*v**2 + 4*v. Suppose 2*o = 6*o - 92. Calculate the remainder when o is divided by b(-2).
7
Let i(r) = -38*r**2 + r + 2. Let d be i(2). What is the remainder when 16 is divided by (-1)/4 + d/(-16)?
7
Let t(j) = j**3 - j**2 + j - 1. Let p be t(2). Suppose 4*w - 58 = -4*a - 2, -2*a - p*w + 19 = 0. What is the remainder when 49 is divided by a?
15
Let k be 13 + (-4)/((-4)/3). Let f = -12 + k. Calculate the remainder when 14 is divided by f.
2
Let v = 9 + -13. Let x be (9/6 - 2)*v. Suppose -6*i - 3*q = -x*i - 67, q = 5. Calculate the remainder when 38 is divided by i.
12
Let u(s) = s**3 + 3*s**2 - 4*s + 5. Let w(z) = z + 39. What is the remainder when w(-27) is divided by u(-4)?
2
Suppose -4*s + 24 = -s. What is the remainder when 25 is divided by ((-2)/s)/(3/(-156))?
12
Let z = -16 + 37. Suppose 7 + z = 4*g. Calculate the remainder when g is divided by 3.
1
Let f(n) be the second derivative of n**4/12 - n**3/3 + 3*n**2/2 - n. Calculate the remainder when (-2 + -1)/(15/(-20)) is divided by f(2).
1
Let w(y) = -4*y + 14. Let a be w(-9). Suppose -a - 240 = -5*o. What is the remainder when o is divided by 30?
28
Suppose c - 4 = -0. Suppose 3*i - c*i = -a + 3, a = 4. What is the remainder when i + (1 - 1) + 37 is divided by 13?
12
Suppose s - 51 = -2*s. Suppose -o = -23 - 27. Calculate the remainder when o is divided by s.
16
Suppose 0 = 2*d - 3*d + 52. What is the remainder when 100 is divided by d?
48
Let q = 65 + -23. Suppose -3*p + 76 = -5*u, -5*u = p + 3*p - 78. Calculate the remainder when q is divided by p.
20
Suppose -14 = -4*y - 2. Suppose -4*r - 5*l = -172, -2*r + y*r - 43 = -l. What is the remainder when r is divided by (((-1)/(-2))/1)/(1/22)?
10
Suppose -5*t - 8*b + 3*b + 60 = 0, 0 = -3*t + 5*b + 52. What is the remainder when 232/13 + t/91 is divided by 5?
3
Let u = 1 + -1. Suppose -2*d = -u*d - 4*g - 52, -5*d + 123 = -3*g. What is the remainder when d is divided by 9?
6
Suppose 5*a + 0*a + 4*n + 285 = 0, a + 68 = -3*n. Suppose 16 = -4*b - 84. Let k = b - a. Calculate the remainder when k is divided by 10.
8
Let w = 2 - -9. Calculate the remainder when 32 is divided by w.
10
Let m be ((-2)/(-1) - 14)/(-2). Let z(j) = 4*j - 9. What is the remainder when 43 is divided by z(m)?
13
Suppose -4*a - 130 = -9*a. What is the remainder when 49 is divided by a?
23
Let h(m) = m**3 - 4*m**2 + 5*m - 1. What is the remainder when h(4) is divided by 10?
9
Suppose -2*x + 18 = 3*t + 64, 44 = -3*t - x. Let d(n) = -15*n - 18. Let v be d(14). Calculate the remainder when 4/t + v/(-14) is divided by 9.
7
Let u be -1*2 - 970/(-10). Let t = u - 29. What is the remainder when t is divided by 17?
15
Let v be (-12 - (1 + -3))/2. Let f(r) = -r - 7. Let y be f(v). Calculate the remainder when (132/10)/(y/(-5)) is divided by 12.
9
Let l(z) = -22*z - 1. Suppose 4*m - 3 = 7*m. Let j = 3 - -8. What is the remainder when l(m) is divided by j?
10
Let r = 6 + -4. Suppose -2*g = g - 3. What is the remainder when r is divided by g?
0
Suppose 3*b + 4 = 1. Suppose -5*k + 35 = -g, -g = -k + 3*k + 70. What is the remainder when (b/(-2))/((-3)/g) is divided by 4?
2
Let b be 1/(-2 + (-5)/(-2)). Suppose 3*g - s = 71, b*g - 36 - 8 = -s. Calculate the remainder when g is divided by 6.
5
Let h(w) = w**2 - 8*w - 11. Suppose -s = 2*s - 30. Calculate the remainder when 15 is divided by h(s).
6
Let m be 1/4 + (-3)/12. Suppose m = -h + 17. Calculate the remainder when 50 is divided by h.
16
Let z = -12 + 22. Calculate the remainder when 28 is divided by z.
8
Let t = 7 - 2. Let a(f) = -f**3 + 4*f**2 + 4*f + 2. Calculate the remainder when a(4) is divided by t.
3
Let l(n) = -n**3 - 7*n**2 - n - 8. Let y be l(-7). Calculate the remainder when 82 is divided by ((-14)/4)/(y/6).
19
Suppose 0 = 2*k - 195 + 5. What is the remainder when k is divided by 24?
23
Let g = 9 - -4. Calculate the remainder when 36 is divided by g.
10
Let z(q) = -q + 6. Let n be z(9). Let l be -1 - (-15 + (-2 - n)). Suppose -38 = -5*f - l. Calculate the remainder when 9 is divided by f.
4
Let r = -5 + 25. Suppose -w + 4 = -2*y - r, 5*w - 113 = 3*y. What is the remainder when w is divided by 2*(5 + (-3)/3)?
6
Suppose u - 1 + 0 = 0. Let r = 3 + u. Suppose -t = -3*t + 8, 4*f - 108 = r*t. Calculate the remainder when f is divided by 11.
9
Let z(l) = 5*l**3 - l. Calculate the remainder when 4 is divided by z(1).
0
Let w = -29 - -56. What is the remainder when w is divided by 15?
12
Let y(h) = h**3 + 7*h**2 - 4*h - 24. Let x(o) = o**2 - 5*o - 4. What is the remainder when y(-7) is divided by x(6)?
0
What is the remainder when 3 + (-1 - -75) + -4 + 4 is divided by 13?
12
Suppose 4 = -p + 5. Let r(j) = j - 2. Let x be r(p). Calculate the remainder when (10/3)/(x/(-3)) is divided by 4.
2
Let n be (12 + -2)*(-4)/8. Calculate the remainder when (2 + (-4)/3)*3 is divided by n/(15/2)*-3.
0
Let d = -48 - -50. Calculate the remainder when d is divided by 1.
0
Let p = -24 + 35. What is the remainder when 32 is divided by p?
10
Let v(u) = 40*u**3 + 4*u**2 - 5*u + 2. What is the remainder when v(1) is divided by 14?
13
Suppose 0 = 2*t - 5*t + 255. Suppose 2*v - t = -15. Let a = 33 - 21. What is the remainder when v is divided by a?
11
Suppose -3*g = -2*g - 7. What is the remainder when 1 - (-13 + 0 + 1) is divided by ((-1)/1)/(-1)*g?
6
Let z = -5 + 8. Suppose -20 - 25 = -z*i. What is the remainder when 29 is divided by i?
14
Let f be (-2)/(-7) - 2/7. Suppose -5*v - 20 = 0, f = 2*o + 4*v - 3 - 1. What is the remainder when o is divided by 4?
2
What is the remainder when 4/(-6)*(17 + -107) is divided by 16?
12
Let z(k) = 2*k - 10. Let o be z(7). Suppose 0 = t + o*t - 45. What is the remainder when 17 is divided by t?
8
Suppose -v + 4 = 3*i + 3, i - 7 = v. Suppose -3*y - 15 = 0, -4*c - i*y + 71 = -5*y. Calculate the remainder when c is divided by 5.
4
Let i(b) = 2*b**2 - 3*b + 2. Let u be i(2). Suppose 2 = f - u. Calculate the remainder when 23 is divided